{"id":23,"date":"2023-10-21T13:19:43","date_gmt":"2023-10-21T13:19:43","guid":{"rendered":"https:\/\/wohngenossenschaft-rothenfluh.ch\/web\/?page_id=23"},"modified":"2023-10-23T19:37:25","modified_gmt":"2023-10-23T19:37:25","slug":"geschichte","status":"publish","type":"page","link":"https:\/\/wohngenossenschaft-rothenfluh.ch\/web\/?page_id=23","title":{"rendered":"Geschichte"},"content":{"rendered":"<p>Im Jahr 1993 gr\u00fcndete eine Gruppe Rothenfl\u00fcher den Verein f\u00fcr Alterswohnungen, mit dem Zweck, in Rothenfluh altersgerechte Wohnungen zu erstellen. Die B\u00fcrgergemeinde hat f\u00fcr dieses Vorhaben das Areal mit der \u00abalten Chesi\u00bb zur Verf\u00fcgung gestellt.<\/p>\n<p>Der Verein sammelte eifrig Geld f\u00fcr einen m\u00f6glichen Umbau der alten Chesi. Leider konnte diese Idee nicht umgesetzt werden, da zu diesem Zeitpunkt kaum ein Interesse an Alterswohnungen bestand.<\/p>\n<p>Das Geb\u00e4ude war mit der Zeit bauf\u00e4llig und sollte abgerissen werden. Im November 2014 konnte die Liegenschaft nach einer grossangelegten \u00dcbung der Katastrophenschutz Organisationen und dem Einsatz des Milit\u00e4rs abgebrochen und das Material entsorgt werden. Nach wie vor war der Wunsch nach altersgerechten Wohnungen vorhanden.<\/p>\n<p>Die damalige Kommission f\u00fcr Dorfentwicklung evaluierte einen geeigneten Standort f\u00fcr Dorfladen und Alterswohnungen. Am 11. April 2017 erteilte der Gemeinderat der Planungs- und Baukommission (PBK) den Auftrag zur Vorbereitung des Projekts zur \u00dcberbauung \u00abAlti Chesi\u00bb auf der Parzelle 89 am D\u00fcbachweg.<\/p>\n<p>Im November 2017 wurden zehn Planer angeschrieben. Von dem zehn angeschriebenen Planer haben sieben ihre Vorschl\u00e4ge termingerecht und vollst\u00e4ndig eingereicht. Nach einem Ausschlussverfahren wurden vier Projektskizzen in die Endauswahl bestimmt. Nach den Interviews mit den Planern wurde einstimmig das Projekt von Peter V\u00f6llmin, Gelterkinden zur Weiterverfolgung bestimmt.<\/p>\n<p>Im August 2018 \u00fcbergab die PBK die Weiterarbeit des Projekts der neu zusammengesetzten Arbeitsgruppe Wohngenossenschaft D\u00fcbach zur Vorbereitung einer Genossenschaftsgr\u00fcndung. Am 4. Februar 2019 war es dann soweit, dass die Wohngenossenschaft D\u00fcbach offiziell gegr\u00fcndet wurde.<\/p>\n","protected":false},"excerpt":{"rendered":"<p>Im Jahr 1993 gr\u00fcndete eine Gruppe Rothenfl\u00fcher den Verein f\u00fcr Alterswohnungen, mit dem Zweck, in Rothenfluh altersgerechte Wohnungen zu erstellen. Die B\u00fcrgergemeinde hat f\u00fcr dieses Vorhaben das Areal mit der \u00abalten Chesi\u00bb zur Verf\u00fcgung gestellt. Der Verein sammelte eifrig Geld f\u00fcr einen m\u00f6glichen Umbau der alten Chesi. Leider konnte diese Idee nicht umgesetzt werden, da [&hellip;]<\/p>\n","protected":false},"author":1,"featured_media":0,"parent":71,"menu_order":0,"comment_status":"closed","ping_status":"closed","template":"","meta":{"ocean_post_layout":"","ocean_both_sidebars_style":"","ocean_both_sidebars_content_width":0,"ocean_both_sidebars_sidebars_width":0,"ocean_sidebar":"","ocean_second_sidebar":"","ocean_disable_margins":"enable","ocean_add_body_class":"","ocean_shortcode_before_top_bar":"","ocean_shortcode_after_top_bar":"","ocean_shortcode_before_header":"","ocean_shortcode_after_header":"","ocean_has_shortcode":"","ocean_shortcode_after_title":"","ocean_shortcode_before_footer_widgets":"","ocean_shortcode_after_footer_widgets":"","ocean_shortcode_before_footer_bottom":"","ocean_shortcode_after_footer_bottom":"","ocean_display_top_bar":"default","ocean_display_header":"default","ocean_header_style":"","ocean_center_header_left_menu":"","ocean_custom_header_template":"","ocean_custom_logo":0,"ocean_custom_retina_logo":0,"ocean_custom_logo_max_width":0,"ocean_custom_logo_tablet_max_width":0,"ocean_custom_logo_mobile_max_width":0,"ocean_custom_logo_max_height":0,"ocean_custom_logo_tablet_max_height":0,"ocean_custom_logo_mobile_max_height":0,"ocean_header_custom_menu":"","ocean_menu_typo_font_family":"","ocean_menu_typo_font_subset":"","ocean_menu_typo_font_size":0,"ocean_menu_typo_font_size_tablet":0,"ocean_menu_typo_font_size_mobile":0,"ocean_menu_typo_font_size_unit":"px","ocean_menu_typo_font_weight":"","ocean_menu_typo_font_weight_tablet":"","ocean_menu_typo_font_weight_mobile":"","ocean_menu_typo_transform":"","ocean_menu_typo_transform_tablet":"","ocean_menu_typo_transform_mobile":"","ocean_menu_typo_line_height":0,"ocean_menu_typo_line_height_tablet":0,"ocean_menu_typo_line_height_mobile":0,"ocean_menu_typo_line_height_unit":"","ocean_menu_typo_spacing":0,"ocean_menu_typo_spacing_tablet":0,"ocean_menu_typo_spacing_mobile":0,"ocean_menu_typo_spacing_unit":"","ocean_menu_link_color":"","ocean_menu_link_color_hover":"","ocean_menu_link_color_active":"","ocean_menu_link_background":"","ocean_menu_link_hover_background":"","ocean_menu_link_active_background":"","ocean_menu_social_links_bg":"","ocean_menu_social_hover_links_bg":"","ocean_menu_social_links_color":"","ocean_menu_social_hover_links_color":"","ocean_disable_title":"default","ocean_disable_heading":"default","ocean_post_title":"","ocean_post_subheading":"","ocean_post_title_style":"","ocean_post_title_background_color":"","ocean_post_title_background":0,"ocean_post_title_bg_image_position":"","ocean_post_title_bg_image_attachment":"","ocean_post_title_bg_image_repeat":"","ocean_post_title_bg_image_size":"","ocean_post_title_height":0,"ocean_post_title_bg_overlay":0.5,"ocean_post_title_bg_overlay_color":"","ocean_disable_breadcrumbs":"default","ocean_breadcrumbs_color":"","ocean_breadcrumbs_separator_color":"","ocean_breadcrumbs_links_color":"","ocean_breadcrumbs_links_hover_color":"","ocean_display_footer_widgets":"default","ocean_display_footer_bottom":"default","ocean_custom_footer_template":"","footnotes":""},"class_list":["post-23","page","type-page","status-publish","hentry","entry"],"_links":{"self":[{"href":"https:\/\/wohngenossenschaft-rothenfluh.ch\/web\/index.php?rest_route=\/wp\/v2\/pages\/23","targetHints":{"allow":["GET"]}}],"collection":[{"href":"https:\/\/wohngenossenschaft-rothenfluh.ch\/web\/index.php?rest_route=\/wp\/v2\/pages"}],"about":[{"href":"https:\/\/wohngenossenschaft-rothenfluh.ch\/web\/index.php?rest_route=\/wp\/v2\/types\/page"}],"author":[{"embeddable":true,"href":"https:\/\/wohngenossenschaft-rothenfluh.ch\/web\/index.php?rest_route=\/wp\/v2\/users\/1"}],"replies":[{"embeddable":true,"href":"https:\/\/wohngenossenschaft-rothenfluh.ch\/web\/index.php?rest_route=%2Fwp%2Fv2%2Fcomments&post=23"}],"version-history":[{"count":1,"href":"https:\/\/wohngenossenschaft-rothenfluh.ch\/web\/index.php?rest_route=\/wp\/v2\/pages\/23\/revisions"}],"predecessor-version":[{"id":24,"href":"https:\/\/wohngenossenschaft-rothenfluh.ch\/web\/index.php?rest_route=\/wp\/v2\/pages\/23\/revisions\/24"}],"up":[{"embeddable":true,"href":"https:\/\/wohngenossenschaft-rothenfluh.ch\/web\/index.php?rest_route=\/wp\/v2\/pages\/71"}],"wp:attachment":[{"href":"https:\/\/wohngenossenschaft-rothenfluh.ch\/web\/index.php?rest_route=%2Fwp%2Fv2%2Fmedia&parent=23"}],"curies":[{"name":"wp","href":"https:\/\/api.w.org\/{rel}","templated":true}]}}